{"id":3857,"date":"2015-04-21T09:02:15","date_gmt":"2015-04-21T08:02:15","guid":{"rendered":"http:\/\/www.bordeaux-l-invitation-au-voyage.com\/fr\/wp-content\/uploads\/2015\/04\/l-autre-salon-de-the.jpg"},"modified":"2015-04-21T09:02:15","modified_gmt":"2015-04-21T08:02:15","slug":"l-autre-salon-de-the","status":"inherit","type":"attachment","link":"https:\/\/www.bordeaux-l-invitation-au-voyage.com\/it\/portfolio\/dove-mangiare-bordeaux\/l-autre-salon-de-the\/","title":{"rendered":"l-autre-salon-de-the"},"author":1,"featured_media":0,"comment_status":"open","ping_status":"open","template":"","meta":{"kt_blocks_editor_width":""},"yoast_head":"\nl-autre-salon-de-the - L'Invitation au Voyage<\/title>\n<meta name=\"robots\" content=\"index, follow, max-snippet:-1, max-image-preview:large, max-video-preview:-1\" \/>\n<link rel=\"canonical\" href=\"https:\/\/www.bordeaux-l-invitation-au-voyage.com\/wp-content\/uploads\/2015\/04\/l-autre-salon-de-the.jpg\" \/>\n<script type=\"application\/ld+json\" class=\"yoast-schema-graph\">{\"@context\":\"https:\/\/schema.org\",\"@graph\":[{\"@type\":\"WebPage\",\"@id\":\"https:\/\/www.bordeaux-l-invitation-au-voyage.com\/wp-content\/uploads\/2015\/04\/l-autre-salon-de-the.jpg\",\"url\":\"https:\/\/www.bordeaux-l-invitation-au-voyage.com\/wp-content\/uploads\/2015\/04\/l-autre-salon-de-the.jpg\",\"name\":\"l-autre-salon-de-the - L'Invitation au Voyage\",\"isPartOf\":{\"@id\":\"https:\/\/www.bordeaux-l-invitation-au-voyage.com\/#website\"},\"datePublished\":\"2015-04-21T08:02:15+00:00\",\"dateModified\":\"2015-04-21T08:02:15+00:00\",\"breadcrumb\":{\"@id\":\"https:\/\/www.bordeaux-l-invitation-au-voyage.com\/wp-content\/uploads\/2015\/04\/l-autre-salon-de-the.jpg#breadcrumb\"},\"inLanguage\":\"it-IT\",\"potentialAction\":[{\"@type\":\"ReadAction\",\"target\":[\"https:\/\/www.bordeaux-l-invitation-au-voyage.com\/wp-content\/uploads\/2015\/04\/l-autre-salon-de-the.jpg\"]}]},{\"@type\":\"BreadcrumbList\",\"@id\":\"https:\/\/www.bordeaux-l-invitation-au-voyage.com\/wp-content\/uploads\/2015\/04\/l-autre-salon-de-the.jpg#breadcrumb\",\"itemListElement\":[{\"@type\":\"ListItem\",\"position\":1,\"name\":\"Accueil\",\"item\":\"https:\/\/www.bordeaux-l-invitation-au-voyage.com\/it\/\"},{\"@type\":\"ListItem\",\"position\":2,\"name\":\"Dove mangiare bene a Bordeaux\",\"item\":\"https:\/\/www.bordeaux-l-invitation-au-voyage.com\/it\/portfolio\/dove-mangiare-bordeaux\/\"},{\"@type\":\"ListItem\",\"position\":3,\"name\":\"l-autre-salon-de-the\"}]},{\"@type\":\"WebSite\",\"@id\":\"https:\/\/www.bordeaux-l-invitation-au-voyage.com\/#website\",\"url\":\"https:\/\/www.bordeaux-l-invitation-au-voyage.com\/\",\"name\":\"L'Invitation au Voyage\",\"description\":\"Chambres d'h\u00f4tes du Bordeaux historique\",\"alternateName\":\"LIV\",\"potentialAction\":[{\"@type\":\"SearchAction\",\"target\":{\"@type\":\"EntryPoint\",\"urlTemplate\":\"https:\/\/www.bordeaux-l-invitation-au-voyage.com\/?s={search_term_string}\"},\"query-input\":\"required name=search_term_string\"}],\"inLanguage\":\"it-IT\"}]}<\/script>\n<!-- \/ Yoast SEO plugin. -->","yoast_head_json":{"title":"l-autre-salon-de-the - L'Invitation au Voyage","robots":{"index":"index","follow":"follow","max-snippet":"max-snippet:-1","max-image-preview":"max-image-preview:large","max-video-preview":"max-video-preview:-1"},"canonical":"https:\/\/www.bordeaux-l-invitation-au-voyage.com\/wp-content\/uploads\/2015\/04\/l-autre-salon-de-the.jpg","schema":{"@context":"https:\/\/schema.org","@graph":[{"@type":"WebPage","@id":"https:\/\/www.bordeaux-l-invitation-au-voyage.com\/wp-content\/uploads\/2015\/04\/l-autre-salon-de-the.jpg","url":"https:\/\/www.bordeaux-l-invitation-au-voyage.com\/wp-content\/uploads\/2015\/04\/l-autre-salon-de-the.jpg","name":"l-autre-salon-de-the - L'Invitation au Voyage","isPartOf":{"@id":"https:\/\/www.bordeaux-l-invitation-au-voyage.com\/#website"},"datePublished":"2015-04-21T08:02:15+00:00","dateModified":"2015-04-21T08:02:15+00:00","breadcrumb":{"@id":"https:\/\/www.bordeaux-l-invitation-au-voyage.com\/wp-content\/uploads\/2015\/04\/l-autre-salon-de-the.jpg#breadcrumb"},"inLanguage":"it-IT","potentialAction":[{"@type":"ReadAction","target":["https:\/\/www.bordeaux-l-invitation-au-voyage.com\/wp-content\/uploads\/2015\/04\/l-autre-salon-de-the.jpg"]}]},{"@type":"BreadcrumbList","@id":"https:\/\/www.bordeaux-l-invitation-au-voyage.com\/wp-content\/uploads\/2015\/04\/l-autre-salon-de-the.jpg#breadcrumb","itemListElement":[{"@type":"ListItem","position":1,"name":"Accueil","item":"https:\/\/www.bordeaux-l-invitation-au-voyage.com\/it\/"},{"@type":"ListItem","position":2,"name":"Dove mangiare bene a Bordeaux","item":"https:\/\/www.bordeaux-l-invitation-au-voyage.com\/it\/portfolio\/dove-mangiare-bordeaux\/"},{"@type":"ListItem","position":3,"name":"l-autre-salon-de-the"}]},{"@type":"WebSite","@id":"https:\/\/www.bordeaux-l-invitation-au-voyage.com\/#website","url":"https:\/\/www.bordeaux-l-invitation-au-voyage.com\/","name":"L'Invitation au Voyage","description":"Chambres d'h\u00f4tes du Bordeaux historique","alternateName":"LIV","potentialAction":[{"@type":"SearchAction","target":{"@type":"EntryPoint","urlTemplate":"https:\/\/www.bordeaux-l-invitation-au-voyage.com\/?s={search_term_string}"},"query-input":"required name=search_term_string"}],"inLanguage":"it-IT"}]}},"description":{"rendered":"<p class=\"attachment\"><a class=\"thumbnail\" href='https:\/\/www.bordeaux-l-invitation-au-voyage.com\/wp-content\/uploads\/2015\/04\/l-autre-salon-de-the.jpg'><img decoding=\"async\" width=\"300\" height=\"225\" src=\"https:\/\/www.bordeaux-l-invitation-au-voyage.com\/wp-content\/uploads\/2015\/04\/l-autre-salon-de-the-300x225.jpg\" class=\"attachment-medium size-medium\" alt=\"\" srcset=\"https:\/\/www.bordeaux-l-invitation-au-voyage.com\/wp-content\/uploads\/2015\/04\/l-autre-salon-de-the-300x225.jpg 300w, https:\/\/www.bordeaux-l-invitation-au-voyage.com\/wp-content\/uploads\/2015\/04\/l-autre-salon-de-the-180x135.jpg 180w, https:\/\/www.bordeaux-l-invitation-au-voyage.com\/wp-content\/uploads\/2015\/04\/l-autre-salon-de-the.jpg 550w\" sizes=\"(max-width: 300px) 100vw, 300px\" \/><\/a><\/p>\n<p>L’un de nos 2 salons de th\u00e9 pr\u00e9f\u00e9r\u00e9s \u00e0 Bordeaux : charmant, donnant sur la jolie rue pi\u00e9tonne des Remparts ; L’autre salon de th\u00e9<\/p>\n"},"caption":{"rendered":"<p>Un brunch ou une pause 4 heures. <\/p>\n"},"alt_text":"","media_type":"image","mime_type":"image\/jpeg","media_details":{"width":550,"height":412,"file":"2015\/04\/l-autre-salon-de-the.jpg","sizes":{"woocommerce_thumbnail":{"file":"l-autre-salon-de-the-300x225.jpg","width":300,"height":225,"uncropped":true,"mime_type":"image\/jpeg","source_url":"https:\/\/www.bordeaux-l-invitation-au-voyage.com\/wp-content\/uploads\/2015\/04\/l-autre-salon-de-the-300x225.jpg"},"woocommerce_gallery_thumbnail":{"file":"l-autre-salon-de-the-100x100.jpg","width":100,"height":100,"mime_type":"image\/jpeg","source_url":"https:\/\/www.bordeaux-l-invitation-au-voyage.com\/wp-content\/uploads\/2015\/04\/l-autre-salon-de-the-100x100.jpg"},"woocommerce_single":{"file":"l-autre-salon-de-the-456x412.jpg","width":456,"height":412,"mime_type":"image\/jpeg","source_url":"https:\/\/www.bordeaux-l-invitation-au-voyage.com\/wp-content\/uploads\/2015\/04\/l-autre-salon-de-the-456x412.jpg"},"thumbnail":{"file":"l-autre-salon-de-the-150x150.jpg","width":150,"height":150,"mime_type":"image\/jpeg","source_url":"https:\/\/www.bordeaux-l-invitation-au-voyage.com\/wp-content\/uploads\/2015\/04\/l-autre-salon-de-the-150x150.jpg"},"medium":{"file":"l-autre-salon-de-the-300x225.jpg","width":300,"height":225,"mime_type":"image\/jpeg","source_url":"https:\/\/www.bordeaux-l-invitation-au-voyage.com\/wp-content\/uploads\/2015\/04\/l-autre-salon-de-the-300x225.jpg"},"shop_thumbnail":{"file":"l-autre-salon-de-the-180x135.jpg","width":180,"height":135,"mime_type":"image\/jpeg","source_url":"https:\/\/www.bordeaux-l-invitation-au-voyage.com\/wp-content\/uploads\/2015\/04\/l-autre-salon-de-the-180x135.jpg"},"shop_catalog":{"file":"l-autre-salon-de-the-300x225.jpg","width":300,"height":225,"mime_type":"image\/jpeg","source_url":"https:\/\/www.bordeaux-l-invitation-au-voyage.com\/wp-content\/uploads\/2015\/04\/l-autre-salon-de-the-300x225.jpg"},"widget-thumb":{"file":"l-autre-salon-de-the-80x50.jpg","width":80,"height":50,"mime_type":"image\/jpeg","source_url":"https:\/\/www.bordeaux-l-invitation-au-voyage.com\/wp-content\/uploads\/2015\/04\/l-autre-salon-de-the-80x50.jpg"},"full":{"file":"l-autre-salon-de-the.jpg","width":550,"height":412,"mime_type":"image\/jpeg","source_url":"https:\/\/www.bordeaux-l-invitation-au-voyage.com\/wp-content\/uploads\/2015\/04\/l-autre-salon-de-the.jpg"}},"image_meta":{"aperture":"0","credit":"","camera":"","caption":"","created_timestamp":"0","copyright":"","focal_length":"0","iso":"0","shutter_speed":"0","title":"","orientation":"0","keywords":[]}},"post":3855,"source_url":"https:\/\/www.bordeaux-l-invitation-au-voyage.com\/wp-content\/uploads\/2015\/04\/l-autre-salon-de-the.jpg","_links":{"self":[{"href":"https:\/\/www.bordeaux-l-invitation-au-voyage.com\/it\/wp-json\/wp\/v2\/media\/3857"}],"collection":[{"href":"https:\/\/www.bordeaux-l-invitation-au-voyage.com\/it\/wp-json\/wp\/v2\/media"}],"about":[{"href":"https:\/\/www.bordeaux-l-invitation-au-voyage.com\/it\/wp-json\/wp\/v2\/types\/attachment"}],"author":[{"embeddable":true,"href":"https:\/\/www.bordeaux-l-invitation-au-voyage.com\/it\/wp-json\/wp\/v2\/users\/1"}],"replies":[{"embeddable":true,"href":"https:\/\/www.bordeaux-l-invitation-au-voyage.com\/it\/wp-json\/wp\/v2\/comments?post=3857"}]}}

l-autre-salon-de-the - L'Invitation au Voyage</title>
<meta name="robots" content="index, follow, max-snippet:-1, max-image-preview:large, max-video-preview:-1" />
<link rel="canonical" href="https://www.bordeaux-l-invitation-au-voyage.com/wp-content/uploads/2015/04/l-autre-salon-de-the.jpg" />
<script type="application/ld+json" class="yoast-schema-graph">{"@context":"https://schema.org","@graph":[{"@type":"WebPage","@id":"https://www.bordeaux-l-invitation-au-voyage.com/wp-content/uploads/2015/04/l-autre-salon-de-the.jpg","url":"https://www.bordeaux-l-invitation-au-voyage.com/wp-content/uploads/2015/04/l-autre-salon-de-the.jpg","name":"l-autre-salon-de-the - L'Invitation au Voyage","isPartOf":{"@id":"https://www.bordeaux-l-invitation-au-voyage.com/#website"},"datePublished":"2015-04-21T08:02:15+00:00","dateModified":"2015-04-21T08:02:15+00:00","breadcrumb":{"@id":"https://www.bordeaux-l-invitation-au-voyage.com/wp-content/uploads/2015/04/l-autre-salon-de-the.jpg#breadcrumb"},"inLanguage":"it-IT","potentialAction":[{"@type":"ReadAction","target":["https://www.bordeaux-l-invitation-au-voyage.com/wp-content/uploads/2015/04/l-autre-salon-de-the.jpg"]}]},{"@type":"BreadcrumbList","@id":"https://www.bordeaux-l-invitation-au-voyage.com/wp-content/uploads/2015/04/l-autre-salon-de-the.jpg#breadcrumb","itemListElement":[{"@type":"ListItem","position":1,"name":"Accueil","item":"https://www.bordeaux-l-invitation-au-voyage.com/it/"},{"@type":"ListItem","position":2,"name":"Dove mangiare bene a Bordeaux","item":"https://www.bordeaux-l-invitation-au-voyage.com/it/portfolio/dove-mangiare-bordeaux/"},{"@type":"ListItem","position":3,"name":"l-autre-salon-de-the"}]},{"@type":"WebSite","@id":"https://www.bordeaux-l-invitation-au-voyage.com/#website","url":"https://www.bordeaux-l-invitation-au-voyage.com/","name":"L'Invitation au Voyage","description":"Chambres d'hôtes du Bordeaux historique","alternateName":"LIV","potentialAction":[{"@type":"SearchAction","target":{"@type":"EntryPoint","urlTemplate":"https://www.bordeaux-l-invitation-au-voyage.com/?s={search_term_string}"},"query-input":"required name=search_term_string"}],"inLanguage":"it-IT"}]}</script>
<!-- / Yoast SEO plugin. -->

Chambres d'hôtes du Bordeaux historique

<p class="attachment"><a class="thumbnail" href='https://www.bordeaux-l-invitation-au-voyage.com/wp-content/uploads/2015/04/l-autre-salon-de-the.jpg'><img decoding="async" width="300" height="225" src="https://www.bordeaux-l-invitation-au-voyage.com/wp-content/uploads/2015/04/l-autre-salon-de-the-300x225.jpg" class="attachment-medium size-medium" alt="" srcset="https://www.bordeaux-l-invitation-au-voyage.com/wp-content/uploads/2015/04/l-autre-salon-de-the-300x225.jpg 300w, https://www.bordeaux-l-invitation-au-voyage.com/wp-content/uploads/2015/04/l-autre-salon-de-the-180x135.jpg 180w, https://www.bordeaux-l-invitation-au-voyage.com/wp-content/uploads/2015/04/l-autre-salon-de-the.jpg 550w" sizes="(max-width: 300px) 100vw, 300px" /></a></p>
<p>L’un de nos 2 salons de thé préférés à Bordeaux : charmant, donnant sur la jolie rue piétonne des Remparts ; L’autre salon de thé</p>
